True
Is 56576008397 prime?
True
Is 288890293 prime?
True
Is 7290564929 a composite number?
False
Is 2973202927 a prime number?
True
Is 84471612077 prime?
True
Is 17256924463 a prime number?
True
Is 10874722891 a composite number?
True
Is 353753159 a composite number?
True
Is 6167882339 composite?
False
Is 1363171613 a prime number?
False
Is 12487820833 prime?
False
Is 726827029 a prime number?
False
Is 4933352813 prime?
False
Is 21103422503 a prime number?
True
Is 16446244762 prime?
False
Is 73288367717 a composite number?
True
Is 170481593 composite?
True
Is 1223278613 prime?
False
Is 15382916443 a prime number?
False
Is 3152583641 a composite number?
True
Is 12319313983 composite?
True
Is 26121123139 a prime number?
True
Is 42946091 a composite number?
False
Is 109691722997 a prime number?
False
Is 45983725679 a composite number?
True
Is 3181304461 prime?
False
Is 204804697 prime?
False
Is 2776875221 composite?
True
Is 36216107 prime?
True
Is 728493449 composite?
True
Is 6814378409 composite?
True
Is 866295407437 composite?
False
Is 70825338807 composite?
True
Is 27538607 a prime number?
False
Is 2591394329 a composite number?
False
Is 772578733 a prime number?
False
Is 85909073 a prime number?
True
Is 513837799 a composite number?
False
Is 102710869 prime?
False
Is 1721629342 a composite number?
True
Is 822131533 composite?
False
Is 2406200897 composite?
False
Is 197326487 a prime number?
True
Is 5852119067 a prime number?
True
Is 92368232371 a prime number?
True
Is 3507540841 a prime number?
False
Is 303038713 composite?
False
Is 102697356001 composite?
True
Is 4975966327 prime?
True
Is 70554154813 composite?
True
Is 2565001589 composite?
False
Is 1633823759 a composite number?
True
Is 2195959421 a prime number?
True
Is 414093013 prime?
True
Is 1808730301 a composite number?
True
Is 15577498921 prime?
True
Is 38484210293 composite?
False
Is 18864299461 prime?
False
Is 9304692593 a composite number?
True
Is 5046942209 composite?
True
Is 3995788769 a composite number?
True
Is 55033319281 prime?
True
Is 116745271 composite?
True
Is 7271519722 composite?
True
Is 11047323653 prime?
False
Is 1614077743 prime?
True
Is 15709959019 prime?
False
Is 5923106633 a prime number?
False
Is 1054499651 prime?
False
Is 131705845 composite?
True
Is 1749890267 prime?
True
Is 130782246533 a composite number?
False
Is 32339910557 prime?
True
Is 25197383 a prime number?
False
Is 2235869543 a composite number?
True
Is 321360857911 a composite number?
False
Is 15512885903 a composite number?
False
Is 3497071399 a composite number?
True
Is 2126430721 a prime number?
True
Is 21255415751 composite?
True
Is 487923179 a composite number?
False
Is 358218709 prime?
False
Is 7695689779 a prime number?
False
Is 280027391 composite?
True
Is 79891331 a prime number?
False
Is 953724451 a composite number?
False
Is 134561909 a composite number?
False
Is 171382578529 a composite number?
False
Is 1085924683 prime?
True
Is 2145998773 composite?
False
Is 2205226609 prime?
False
Is 20800835789 composite?
True
Is 650561635 prime?
False
Is 6288565651 prime?
True
Is 50109209573 a prime number?
True
Is 293750220779 a prime number?
True
Is 13277117957 prime?
True
Is 583927159 composite?
False
Is 10665761599 composite?
True
Is 54691532719 a composite number?
False
Is 1335370831 a prime number?
True
Is 29717604263 composite?
False
Is 3666670311 composite?
True
Is 2168896181 composite?
False
Is 16100103433 prime?
True
Is 353324113 prime?
True
Is 210008933 a prime number?
False
Is 2109840113 a prime number?
False
Is 134354410585 composite?
True
Is 1877267969 a composite number?
True
Is 15891721 a prime number?
True
Is 69016334 composite?
True
Is 2577221435 composite?
True
Is 908062093 a composite number?
True
Is 1399127333 composite?
False
Is 107256688919 composite?
True
Is 1019559913 a composite number?
False
Is 31197871059 a composite number?
True
Is 434882933 a prime number?
False
Is 18355837629 a prime number?
False
Is 115633717 a composite number?
True
Is 23160654953 a composite number?
False
Is 3699841513 a prime number?
False
Is 32959521451 a prime number?
True
Is 48607668919 prime?
True
Is 396642089 composite?
True
Is 66627662 a composite number?
True
Is 346746341 composite?
False
Is 1570354373 prime?
False
Is 3554479339 a prime number?
True
Is 29645360993 prime?
True
Is 206826769 prime?
True
Is 5081219791 composite?
True
Is 47171188637 prime?
True
Is 3433346599 a prime number?
True
Is 1758363863 prime?
True
Is 1418997481 composite?
True
Is 514641521 a prime number?
False
Is 948888251 composite?
False
Is 47496826537 a prime number?
False
Is 496807897433 a prime number?
True
Is 177028790441 a composite number?
False
Is 12214503607 a prime number?
True
Is 758879333 a composite number?
False
Is 203866121 a prime number?
False
Is 895135081 a composite number?
False
Is 29942957 a prime number?
False
Is 101668621 a composite number?
False
Is 6595731785 a prime number?
False
Is 727428311 a prime number?
True
Is 775064599 composite?
True
Is 1721078621 a prime number?
False
Is 33295360243 a composite number?
True
Is 27892424485 a composite number?
True
Is 4720253003 a composite number?
False
Is 35826704077 a composite number?
True
Is 75977892283 prime?
False
Is 7657704829 a composite number?
False
Is 1102491119 a composite number?
True
Is 1349557501 composite?
True
Is 2660100649 prime?
False
Is 3177320341 composite?
True
Is 20730221773 a prime number?
True
Is 214810957 composite?
False
Is 1518400465 composite?
True
Is 9514876389 prime?
False
Is 10046431049 a prime number?
True
Is 1711936531 a composite number?
True
Is 208994567 prime?
False
Is 3081212623 a composite number?
True
Is 263072561 a prime number?
True
Is 1899588611 a prime number?
True
Is 89940943 prime?
True
Is 3722229889 prime?
False
Is 123632613653 prime?
True
Is 15593732753 a prime number?
True
Is 20592083959 a composite number?
True
Is 55147487 a composite number?
True
Is 852140857 a composite number?
True
Is 12752227733 composite?
True
Is 140739469309 a composite number?
False
Is 3272806283 a composite number?
True
Is 1196239313 a composite number?
False
Is 238180358323 prime?
True
Is 13643153 a composite number?
True
Is 387065033 a prime number?
False
Is 11746415677 a prime number?
True
Is 236487367 composite?
True
Is 5930920807 prime?
False
Is 131472377 a composite number?
True
Is 846256759 composite?
False
Is 129913609877 prime?
True
Is 6312336421 composite?
True
Is 4043544311 prime?
False
Is 14840820809 composite?
True
Is 11148852917 prime?
True
Is 191497913 a prime number?
True
Is 10847077897 a composite number?
False
Is 5161778227 a prime number?
True
Is 29703981253 prime?
True
Is 25709091757 a composite number?
False
Is 6399214993 a composite number?
False
Is 1324241987 a prime number?
False
Is 1191082609 composite?
False
Is 1993226551 prime?
True
Is 385418419 a prime number?
True
Is 6595436119 composite?
False
Is 2162764723 a prime number?
False
Is 2467351789 prime?
False
Is 89073323 composite?
True
Is 39692286577 composite?
True
Is 2915691733 a prime number?
False
Is 52946493287 composite?
True
Is 38425505007 prime?
False
Is 15100139557 a prime number?
True
Is 4270598141 composite?
True
Is 6319589099 a prime number?
True
Is 63313961 a composite number?
True
Is 167603843 a composite number?
True
Is 88645154167 prime?
True
Is 2008261097 prime?
True
Is 1704858899 a composite number?
False
Is 1264324361 a composite number?
True
Is 1070735971 prime?
False
Is 4171546111 a prime number?
False
Is 7215487457 composite?
True
Is 6342879965 composite?
True
Is 6383391657 prime?
False
Is 21931448626 a prime number?
False
Is 35364815 composite?
True
Is 10095913427 a composite number?
False
Is 1021008347 a composite number?
False
Is 5826238589 prime?
False
Is 3153297701 composite?
False
Is 1114343501 composite?
False
Is 1349062691 prime?
False
Is 4784657737 a composite number?
False
Is 3478464049 composite?
False
Is 1277443415 prime?
False
Is 16261499 prime?
True
Is 14532419017 a prime number?
True
Is 4181078087 a composite number?
False
Is 30682705819 prime?
False
Is 84068762633 a composite number?
True
Is 3597368359 prime?
False
Is 2592287947 prime?
False
Is 15852737587 composite?
False
Is 248907301 a composite number?
True
I